5*y, -2*b = -4*b - 3*y - 8. Suppose 0 = 4*s + 5*l - 1250, -b*l - 135 = -2*s + 499. What is the highest common divisor of s and 45?
45
Let x(p) = -23*p - 20. Let b be x(-1). Suppose 4*i = -b*q + 660 + 179, i = 4*q - 1087. Calculate the highest common factor of q and 21.
21
Let a = -23 + 26. Suppose a*h - 76 = -4*s, -3*h + 7*h - 5*s - 91 = 0. What is the greatest common divisor of 40 and h?
8
Let h = -679 - -384. Let m = h - -415. Calculate the greatest common divisor of 75 and m.
15
Let i(y) = 10*y - 35. Let q be i(-17). Let k = -161 - q. Calculate the greatest common factor of 77 and k.
11
Suppose 4*m + 4*o = 4000, 1330 = 2*m - o - 667. What is the greatest common divisor of 27 and m?
27
Let k be (1 - 4/10) + (-1220)/(-50). Suppose -675 - 425 = -4*z. Calculate the highest common divisor of k and z.
25
Let i(z) = 24*z**2 + 108*z + 45. Let u be i(-13). What is the highest common divisor of u and 87?
87
Let w be (126/105)/((-386)/(-190) - 2). Let h be (2 - 6) + -1 + 1. Let k be h + -2 + w - 0. What is the highest common factor of k and 16?
16
Suppose -3*b + 30 - 153 = 0. Let u = b + 45. Suppose u*t + 51 = 7*t. Calculate the greatest common divisor of 153 and t.
17
Suppose -185*w + 1588130 = -76*w. What is the highest common factor of 31 and w?
31
Let n = 189 + -192. Let i be (-3)/n - 81/(-9). Calculate the greatest common factor of 5 and i.
5
Suppose -361*t + 1347 = -321*t - 1733. Calculate the greatest common factor of 26411 and t.
77
Let g be (18/(-15))/((70/(-3775))/7). Let z = 538 - g. What is the greatest common factor of 136 and z?
17
Suppose 4*a = -5*l + 3*l - 548, -a - 137 = 5*l. Let n = a + 197. Let o be 8/(-6)*9*-2. Calculate the highest common divisor of n and o.
12
Let f be 187 + -21 + (-1 - 13). Calculate the greatest common divisor of f and 3800.
152
Let o(q) = q**2 + 3*q - 2. Let h be o(-3). Let l be h/((-4)/205) + (-27)/54. Calculate the greatest common factor of 34 and l.
34
Suppose 0 = -3*s + 4*v + 59, 4*s + 2491*v = 2489*v + 20. Suppose 4*y + 10 = 2. Let m(g) = -6*g. Let r be m(y). Calculate the highest common divisor of s and r.
3
Let d = -4 - -57. Let n = d + -31. Suppose -2*g = -2*p - n, p - 10 = -6*g + 4*g. What is the highest common factor of 56 and g?
7
Let l = -5275 - -5359. What is the highest common divisor of l and 1302?
42
Suppose 2*n + 33 = -4*y + 41, -5*y + 5 = 0. Suppose -3*b = 3*j - b + 34, b + 32 = -3*j. Let r = j - -28. Calculate the highest common divisor of n and r.
2
Let z be (-23080)/920 + 29 + 2/23. Let u be ((-39)/9 + 2)*-6. Calculate the highest common factor of z and u.
2
Suppose -405*j + 9953 = -25687. Calculate the highest common factor of 488 and j.
8
Let v = 10000 + -9805. What is the greatest common factor of 645 and v?
15
Let h = -29 - 37. Let b = -64 - h. Suppose 2*d = -b*u + 100, -2*u + 5*d + 6 = -59. What is the highest common factor of u and 5?
5
Suppose 5230 = 417*u + 106*u. Let s = 12 - 2. Calculate the highest common divisor of u and s.
10
Let c(v) = 2*v**2 - 104*v + 663. Let d be c(52). What is the highest common divisor of 104 and d?
13
Let m(u) = -u**2 + 9*u + 15. Let n = 136 - 129. Let f be m(n). Let o(v) = 68*v - 1. Let p be o(3). Calculate the greatest common factor of f and p.
29
Let c = 9413 + -9368. Calculate the greatest common factor of 855 and c.
45
Let s(i) = -5*i**2 - 123*i - 70. Let o be s(-24). What is the highest common divisor of o and 162?
2
Let o be ((3 + 2 - 9) + 10)*6. Let g = 79 + -43. What is the greatest common factor of g and o?
36
Let z = 236 + -186. Suppose 90 = 5*u + 5*p, -p = 22*u - 25*u + z. Suppose 4*d - 75 = 61. What is the greatest common factor of d and u?
17
Suppose 77 + 489 + 1354 = 96*c. Suppose 2*a + 5*k = 85, 2*k - 70 = -0*a - 2*a. Calculate the greatest common factor of a and c.
10
Suppose 133 = 4*g + 25. Calculate the highest common factor of 3753 and g.
27
Suppose 12392 - 2683 = 131*s - 3391. What is the greatest common factor of 33700 and s?
100
Let v(t) = 18*t - 106. Suppose -7*o + 6*o - 53 = -4*g, 0 = -3*g - o + 31. Let j be v(g). What is the greatest common factor of j and 176?
22
Let t be (81/18)/((-12)/(-2848)). Let s = t + -460. Calculate the greatest common factor of s and 76.
76
Let k = -719 + 737. What is the highest common factor of 81 and k?
9
Let b(r) = r**2 + 8*r + 104. Let u be b(-7). Calculate the highest common factor of u and 5141.
97
Let r(x) = 11*x - 5. Let p(h) = -6*h + 3. Let s(q) = -5*p(q) - 3*r(q). Let o be s(-1). Suppose o*m + 0*m = 30. Calculate the greatest common factor of 80 and m.
10
Suppose -27 = -7*k + 8. Suppose 5*m + k*x - 155 = 0, 4*x = -4*m + 9*m - 200. Let i be (3 + -33)*(-4)/10. What is the highest common divisor of m and i?
12
Let c be -1 + (37 - -2) + -2. Suppose 30420 = 166*v + 510*v. What is the greatest common divisor of c and v?
9
Let k = 908 + -629. Suppose -v + 66 = -t + k, 0 = t - 3*v - 219. Calculate the greatest common factor of 28 and t.
14
Let l(v) = v**2 - 58*v + 855. Let n be l(49). What is the greatest common divisor of 126 and n?
18
Let v(z) = -3*z + 10*z**2 + 4448 - 4449 + z. Let l be v(-1). Calculate the greatest common divisor of l and 33.
11
Let s(c) = 3*c**2 + 4*c - 6. Let x be s(5). Let t = 261 - x. Let l = 234 + -191. What is the highest common divisor of l and t?
43
Suppose 4*o + 64 = 3*s - 16, 4*o = 5*s - 128. Let c be (-344)/946 + (-862)/(-11). Calculate the highest common factor of c and s.
6
Let i be (4 + -160)/13*-2. What is the highest common divisor of i and 20724?
12
Let f = -29629 + 33416. What is the greatest common factor of f and 7?
7
Let g = 38619 + -27104. Calculate the highest common factor of g and 735.
245
Let b = -452 + 850. Suppose 2*m + 4*r - 824 = 0, b = -16*m + 17*m - 5*r. Calculate the greatest common divisor of m and 51.
51
Let c(k) = -k**2 + 74*k + 491. Let n be c(68). Let d be ((-2)/(-6))/((-1)/(-93)). What is the highest common factor of d and n?
31
Let r = -43 + 48. Let g be -4 + r - 0 - -11. Suppose 7*h = 3*h + 384. Calculate the highest common factor of g and h.
12
Suppose -4*f + 27 = 5*u - 2, 3*f - 21 = -3*u. Suppose 333 + 1233 = 9*v. Suppose f*i - v = 30. What is the highest common divisor of i and 51?
17
Suppose -5*i - 154 = -4*g, 4*i - 3 = 5. Let h = g - 41. Suppose -4*r + 3*n + 117 = 0, r = -h*n + 4*n + 13. What is the greatest common factor of 363 and r?
33
Let x = -554 + 586. Let l be 1*x + (-23 - -18). What is the greatest common factor of l and 297?
27
Let u = 4064 - 4052. What is the greatest common factor of 537 and u?
3
Let l be (4 + 0)*10/8. Let s(v) = 25*v - 17. Let x be s(l). Let j be ((-36)/16)/(6/(-32)). What is the greatest common divisor of j and x?
12
Let q(c) = 36*c**2 - 71*c + 9. Let u be q(2). Let r be -3*(16/6 - 0). Let o = r - -9. What is the highest common factor of o and u?
1
Let u = 9199 - 9173. Let c be 3/(-6) + 209/2. What is the highest common factor of u and c?
26
Let r(i) = -i**3 - 11*i**2 - 26*i - 16. Let g be r(-8). Suppose g = 472*o - 467*o - 140. What is the highest common divisor of o and 14?
14
Suppose 94 = -5*p + 704. Suppose 3*i = -p - 28. Let y = i + 55. What is the greatest common factor of y and 2?
1
Let r be 6 + 4393 - (-8 + 19 + -5). Calculate the greatest common factor of r and 69.
23
Suppose 0 = -4*j + 4*n + 861 + 255, -5*j + 3*n + 1395 = 0. Let c = j - 277. What is the highest common divisor of c and 46?
2
Suppose 24*d - 100919 = -6263. What is the greatest common factor of 2088 and d?
232
Let r(p) = 17*p**2 - 5*p - 24. Let b be r(5). Suppose -181 = -3*c + 2*f + 101, -2*f = 4*c - b. What is the greatest common factor of c and 235?
47
Let k(t) = t**3 - t**2. Let g be k(4). Let r be (-18)/(-45) - (-27)/(-5). Let b be r/((-15)/(-4))*-90. Calculate the highest common factor of g and b.
24
Suppose -2*r + 5*r = 15*r - 20808. What is the greatest common factor of 18 and r?
6
Suppose 2*m + 18*m = -10*m + 630. What is the highest common divisor of 32739 and m?
21
Suppose 130*z = 491 + 4446 + 2473. Calculate the greatest common factor of 14079 and z.
57
Let f be (-44)/(-77) + (-3)/(84/(-6340)). Let k = f + -182. Calculate the highest common divisor of 36 and k.
9
Suppose -n - k = -4, 2*k = -28*n + 33*n - 20. Suppose -380 = -4*g - n*u, 24 - 16 = 4*u. Calculate the highest common factor of g and 93.
93
Suppose -a - 